{"id":4138,"date":"2014-09-25T00:36:18","date_gmt":"2014-09-24T21:36:18","guid":{"rendered":"http:\/\/surec.com\/?page_id=4138"},"modified":"2014-09-25T14:41:59","modified_gmt":"2014-09-25T11:41:59","slug":"qpr-portal","status":"publish","type":"page","link":"https:\/\/surec.com\/?page_id=4138","title":{"rendered":"Kurumsal \u0130leti\u015fim\/Payla\u015f\u0131m Portal\u0131"},"content":{"rendered":"<p><strong>QPR Portal<a href=\"http:\/\/surec.com\/wp-content\/uploads\/2014\/09\/signal_connect_multiple_laptops_500_clr_5934.gif\"><img loading=\"lazy\" decoding=\"async\" class=\"alignright  wp-image-4168\" src=\"http:\/\/surec.com\/wp-content\/uploads\/2014\/09\/signal_connect_multiple_laptops_500_clr_5934.gif\" alt=\"signal_connect_multiple_laptops_500_clr_5934\" width=\"288\" height=\"196\" \/><\/a><\/strong><\/p>\n<p>QPR Portal, QPR ProcessDesigner \u00a0ve\/veya QPR Metrics ile olu\u015fturulmu\u015f s\u00fcre\u00e7 veya performans modellerinin etkili bir \u015fekilde ileti\u015fiminin sa\u011fland\u0131\u011f\u0131 web esasl\u0131 ortamd\u0131r. QPR Portal, sadece QPR ProcessDesigner veya QPR Metrics ile kullan\u0131labildi\u011fi gibi her iki mod\u00fclle birlikte de kullan\u0131labilir.<\/p>\n<p><strong>QPR Portal\u2019\u0131n temel \u00f6zelliklerinin bir \u00f6zeti a\u015fa\u011f\u0131da yer almaktad\u0131r:<\/strong><\/p>\n<ul>\n<li>Tam ekran modunda sunum yap\u0131labilecek e\u015fsiz tarama se\u00e7enekleri<\/li>\n<li>Grafik lokasyon linklerinin kolay kopyalanmas\u0131<\/li>\n<li>Sunum kitap\u00e7\u0131klar\u0131n\u0131n kolay kopyalanmas\u0131<\/li>\n<li>QPR Portal\u0131n kategori b\u00f6l\u00fcmleri i\u00e7inde kategori ve durum se\u00e7eneklerinin yerelle\u015ftirilmesi<\/li>\n<li>G\u00f6m\u00fcl\u00fc eklentiler ayr\u0131 bir pencere i\u00e7inde a\u00e7\u0131l\u0131r.<\/li>\n<li>Analiz g\u00f6r\u00fcn\u00fcmde s\u00fctun ba\u015fl\u0131klar\u0131n\u0131n d\u00fczenlenmesi<\/li>\n<li>Designer tasarlanan s\u00fctun ayarlar\u0131n\u0131n portalda g\u00f6r\u00fcnt\u00fclenmesi<\/li>\n<li>G\u00f6m\u00fcl\u00fc eklentiler ayr\u0131 bir pencerede a\u00e7\u0131l\u0131rlar.<\/li>\n<\/ul>\n<p>&nbsp;<\/p>\n","protected":false},"excerpt":{"rendered":"<p>QPR Portal QPR Portal, QPR ProcessDesigner \u00a0ve\/veya QPR Metrics ile olu\u015fturulmu\u015f s\u00fcre\u00e7 veya performans modellerinin etkili bir \u015fekilde ileti\u015fiminin sa\u011fland\u0131\u011f\u0131 web esasl\u0131 ortamd\u0131r. QPR Portal, sadece QPR ProcessDesigner veya QPR Metrics ile kullan\u0131labildi\u011fi gibi her iki mod\u00fclle birlikte de kullan\u0131labilir. [&hellip;]<\/p>\n","protected":false},"author":1,"featured_media":0,"parent":0,"menu_order":0,"comment_status":"closed","ping_status":"closed","template":"","meta":{"jetpack_post_was_ever_published":false,"footnotes":""},"class_list":["post-4138","page","type-page","status-publish","hentry"],"jetpack_sharing_enabled":true,"jetpack_shortlink":"https:\/\/wp.me\/P4Bhh4-14K","jetpack-related-posts":[],"_links":{"self":[{"href":"https:\/\/surec.com\/index.php?rest_route=\/wp\/v2\/pages\/4138","targetHints":{"allow":["GET"]}}],"collection":[{"href":"https:\/\/surec.com\/index.php?rest_route=\/wp\/v2\/pages"}],"about":[{"href":"https:\/\/surec.com\/index.php?rest_route=\/wp\/v2\/types\/page"}],"author":[{"embeddable":true,"href":"https:\/\/surec.com\/index.php?rest_route=\/wp\/v2\/users\/1"}],"replies":[{"embeddable":true,"href":"https:\/\/surec.com\/index.php?rest_route=%2Fwp%2Fv2%2Fcomments&post=4138"}],"version-history":[{"count":3,"href":"https:\/\/surec.com\/index.php?rest_route=\/wp\/v2\/pages\/4138\/revisions"}],"predecessor-version":[{"id":4169,"href":"https:\/\/surec.com\/index.php?rest_route=\/wp\/v2\/pages\/4138\/revisions\/4169"}],"wp:attachment":[{"href":"https:\/\/surec.com\/index.php?rest_route=%2Fwp%2Fv2%2Fmedia&parent=4138"}],"curies":[{"name":"wp","href":"https:\/\/api.w.org\/{rel}","templated":true}]}}