{"id":4101,"date":"2014-09-22T13:46:45","date_gmt":"2014-09-22T10:46:45","guid":{"rendered":"http:\/\/surec.com\/?page_id=4101"},"modified":"2014-09-24T22:26:22","modified_gmt":"2014-09-24T19:26:22","slug":"qpr-processdesigner","status":"publish","type":"page","link":"https:\/\/surec.com\/?page_id=4101","title":{"rendered":"S\u00fcre\u00e7 Y\u00f6netimi"},"content":{"rendered":"<p><strong>S\u00fcre\u00e7 Y\u00f6netim Yaz\u0131l\u0131m\u0131 QPR ProcessDesigner<a href=\"http:\/\/surec.com\/wp-content\/uploads\/2014\/09\/Resim3.jpg\"><img loading=\"lazy\" decoding=\"async\" class=\"alignright wp-image-4102 \" src=\"http:\/\/surec.com\/wp-content\/uploads\/2014\/09\/Resim3.jpg\" alt=\"Resim3\" width=\"452\" height=\"179\" srcset=\"https:\/\/surec.com\/wp-content\/uploads\/2014\/09\/Resim3.jpg 810w, https:\/\/surec.com\/wp-content\/uploads\/2014\/09\/Resim3-300x118.jpg 300w\" sizes=\"auto, (max-width: 452px) 100vw, 452px\" \/><\/a><\/strong><\/p>\n<p><strong>\u0130\u015f s\u00fcre\u00e7lerinin analizine ve s\u00fcre\u00e7 modellemeye odaklan\u0131n!<\/strong><\/p>\n<p>S\u00fcre\u00e7 Y\u00f6netimi Yaz\u0131l\u0131m\u0131 QPR ProcessDesigner, i\u015f s\u00fcre\u00e7lerinizin tan\u0131mlanmas\u0131, analiz edilmesi, ileti\u015fimin sa\u011flanmas\u0131 ve i\u015f s\u00fcre\u00e7lerinizi geli\u015ftirmek i\u00e7in kurulu\u015funuza etkin ve g\u00fc\u00e7l\u00fc bir \u00e7\u00f6z\u00fcm sunar. Di\u011fer s\u00fcre\u00e7 y\u00f6netimi yaz\u0131l\u0131mlar\u0131n\u0131n aksine, QPR ProcessDesigner benzersiz bir \u015fekilde, etkin bir s\u00fcre\u00e7 y\u00f6netiminin,\u00a0 kullan\u0131c\u0131lar\u0131n aktif ve s\u00fcrekli kat\u0131l\u0131m\u0131 olmadan m\u00fcmk\u00fcn olamayaca\u011f\u0131 d\u00fc\u015f\u00fcncesi ile olu\u015fturulmu\u015f ve i\u015f s\u00fcre\u00e7leri kullan\u0131c\u0131lar\u0131na odaklanm\u0131\u015ft\u0131r.<\/p>\n<p>QPR ProcessDesigner, her \u015feyi kapsayan, \u00e7ok kullan\u0131c\u0131l\u0131 bir s\u00fcre\u00e7 y\u00f6netimi ortam\u0131 sunmaktad\u0131r. QPR ProcessDesigner kalite y\u00f6netimi (ISO 9000, YALIN, 6 Sigma, EFQM), mevzuat ve standartlara uygunluk (SOX, Basel II, Solvency II, ISO 14000, OHSAS) ve Malcolm Baldridge, BAM ve \u0130\u015f S\u00fcre\u00e7lerinin Analizi gibi \u00e7ok say\u0131da metot ve standartlar\u0131 destekleme kabiliyetine sahiptir.<\/p>\n<p>D\u00fcnya genelendi 1000\u2019in \u00fczerinde kurulu\u015f s\u00fcrekli olarak s\u00fcre\u00e7lerini iyile\u015ftirmek ve m\u00fc\u015fterilerine daha fazla de\u011fer katmak i\u00e7in QPR ProcessDesigner \u2018a g\u00fcvenmektedir. Bu s\u00fcre\u00e7 y\u00f6netimi yaz\u0131l\u0131m\u0131 \u00e7ok kullan\u0131c\u0131 dostudur ve etkili s\u00fcre\u00e7 tasar\u0131m\u0131, bak\u0131m\u0131 ve s\u00fcre\u00e7lere h\u0131zl\u0131 bir \u015fekilde ula\u015f\u0131labilmesi i\u00e7in gerekli yay\u0131nlama desteklerini sunmaktad\u0131r.<\/p>\n<p><strong>S\u00fcre\u00e7 Fark\u0131ndal\u0131\u011f\u0131n\u0131 Art\u0131rmak i\u00e7in: QPR ProcessDesigner \u2018\u0131 se\u00e7iniz<\/strong><\/p>\n<ul>\n<li>S\u00fcre\u00e7 modellerini etkili bir \u015fekilde tasarlamak ve s\u00fcrd\u00fcrmek<\/li>\n<li>Model unsurlar\u0131n\u0131, ili\u015fkilerini ve ba\u011f\u0131ml\u0131l\u0131klar\u0131n\u0131 analiz etmek<\/li>\n<li>Kaynak kullan\u0131m\u0131n\u0131n analizi<\/li>\n<li>S\u00fcre\u00e7 modelini mevcut dok\u00fcmanlar, politikalar ve talimatlarla entegre etmek,<\/li>\n<li>S\u00fcre\u00e7 bilgilerinin online olarak an\u0131nda yay\u0131nlamas\u0131<\/li>\n<li>G\u00fc\u00e7l\u00fc online i\u015fbirli\u011fi ile problemleri etkili olarak \u00e7\u00f6zmek<\/li>\n<li>26 dille \u00e7al\u0131\u015fabilme ve yerel destek<\/li>\n<\/ul>\n<p>&nbsp;<\/p>\n<p style=\"margin-bottom: .0001pt;\"><span style=\"font-size: 10.0pt; font-family: 'Georgia','serif'; color: #333333;\"><a href=\"http:\/\/surec.com\/?page_id=4017\" target=\"_blank\">QPR Process Designer Nedir?<\/a><\/span><\/p>\n<p style=\"margin: 0cm; margin-bottom: .0001pt;\"><span style=\"font-size: 10.0pt; font-family: 'Georgia','serif'; color: #333333;\"><a href=\"http:\/\/surec.com\/?page_id=4025\" target=\"_blank\">QPR Process Designer Nas\u0131l \u00c7al\u0131\u015f\u0131r?\u00a0<\/a><\/span><\/p>\n<p style=\"margin: 0cm; margin-bottom: .0001pt;\"><span style=\"font-size: 10.0pt; font-family: 'Georgia','serif'; color: #333333;\"><a href=\"http:\/\/surec.com\/?page_id=4039\" target=\"_blank\">QPR Process Designer&#8217;\u0131n \u00d6zellikleri Nelerdir?<\/a><\/span><\/p>\n<p style=\"margin: 0cm; margin-bottom: .0001pt; orphans: auto; text-align: start; widows: auto; -webkit-text-stroke-width: 0px; word-spacing: 0px;\"><span style=\"font-size: 10.0pt; font-family: 'Georgia','serif'; color: #333333;\"><a href=\"http:\/\/surec.com\/?page_id=4108\" target=\"_blank\">QPR ProcessDesigner Yararlar\u0131 Nelerdir?\u00a0<\/a><\/span><\/p>\n<p style=\"margin: 0cm; margin-bottom: .0001pt; orphans: auto; text-align: start; widows: auto; -webkit-text-stroke-width: 0px; word-spacing: 0px;\">\n","protected":false},"excerpt":{"rendered":"<p>S\u00fcre\u00e7 Y\u00f6netim Yaz\u0131l\u0131m\u0131 QPR ProcessDesigner \u0130\u015f s\u00fcre\u00e7lerinin analizine ve s\u00fcre\u00e7 modellemeye odaklan\u0131n! S\u00fcre\u00e7 Y\u00f6netimi Yaz\u0131l\u0131m\u0131 QPR ProcessDesigner, i\u015f s\u00fcre\u00e7lerinizin tan\u0131mlanmas\u0131, analiz edilmesi, ileti\u015fimin sa\u011flanmas\u0131 ve i\u015f s\u00fcre\u00e7lerinizi geli\u015ftirmek i\u00e7in kurulu\u015funuza etkin ve g\u00fc\u00e7l\u00fc bir \u00e7\u00f6z\u00fcm sunar. Di\u011fer s\u00fcre\u00e7 y\u00f6netimi yaz\u0131l\u0131mlar\u0131n\u0131n [&hellip;]<\/p>\n","protected":false},"author":1,"featured_media":0,"parent":0,"menu_order":0,"comment_status":"closed","ping_status":"closed","template":"","meta":{"jetpack_post_was_ever_published":false,"footnotes":""},"class_list":["post-4101","page","type-page","status-publish","hentry"],"jetpack_sharing_enabled":true,"jetpack_shortlink":"https:\/\/wp.me\/P4Bhh4-149","jetpack-related-posts":[],"_links":{"self":[{"href":"https:\/\/surec.com\/index.php?rest_route=\/wp\/v2\/pages\/4101","targetHints":{"allow":["GET"]}}],"collection":[{"href":"https:\/\/surec.com\/index.php?rest_route=\/wp\/v2\/pages"}],"about":[{"href":"https:\/\/surec.com\/index.php?rest_route=\/wp\/v2\/types\/page"}],"author":[{"embeddable":true,"href":"https:\/\/surec.com\/index.php?rest_route=\/wp\/v2\/users\/1"}],"replies":[{"embeddable":true,"href":"https:\/\/surec.com\/index.php?rest_route=%2Fwp%2Fv2%2Fcomments&post=4101"}],"version-history":[{"count":9,"href":"https:\/\/surec.com\/index.php?rest_route=\/wp\/v2\/pages\/4101\/revisions"}],"predecessor-version":[{"id":4128,"href":"https:\/\/surec.com\/index.php?rest_route=\/wp\/v2\/pages\/4101\/revisions\/4128"}],"wp:attachment":[{"href":"https:\/\/surec.com\/index.php?rest_route=%2Fwp%2Fv2%2Fmedia&parent=4101"}],"curies":[{"name":"wp","href":"https:\/\/api.w.org\/{rel}","templated":true}]}}