{"id":4039,"date":"2014-08-20T14:30:04","date_gmt":"2014-08-20T11:30:04","guid":{"rendered":"http:\/\/surec.com\/?page_id=4039"},"modified":"2014-09-25T14:35:34","modified_gmt":"2014-09-25T11:35:34","slug":"qpr-process-designerin-ozellikleri","status":"publish","type":"page","link":"https:\/\/surec.com\/?page_id=4039","title":{"rendered":"QPR Process Designer&#8217;\u0131n \u00d6zellikleri"},"content":{"rendered":"<p><strong>QPR Process Designer&#8217;\u0131n \u00d6zellikleri \u00a0\u00a0\u00a0\u00a0\u00a0\u00a0\u00a0\u00a0<a href=\"http:\/\/surec.com\/wp-content\/uploads\/2014\/09\/stick_figure_drawing_four_check_marks_500_wht.gif\"><img loading=\"lazy\" decoding=\"async\" class=\"alignright wp-image-4158\" src=\"http:\/\/surec.com\/wp-content\/uploads\/2014\/09\/stick_figure_drawing_four_check_marks_500_wht.gif\" alt=\"\" width=\"178\" height=\"297\" \/><\/a> <\/strong><\/p>\n<p><strong>Y\u00f6netim Sistemi Modeli Olu\u015fturma<\/strong><\/p>\n<p>&#8211;\u00a0\u00a0\u00a0\u00a0\u00a0\u00a0\u00a0\u00a0 QPR Process Designer kurulu\u015f i\u00e7indeki t\u00fcm unsurlar\u0131 i\u00e7erecek \u015fekilde Y\u00f6netim Sistemi olu\u015fturabilmektedir.<\/p>\n<p>&#8211;\u00a0\u00a0\u00a0\u00a0\u00a0\u00a0\u00a0\u00a0 QPR Process Designer ile s\u00fcre\u00e7ler \u00e7oklu dil se\u00e7ene\u011fi ile haz\u0131rlanabilmektedir. \u00d6rne\u011fin kurulu\u015fun t\u00fcm s\u00fcreci hem T\u00fcrk\u00e7e, hem \u0130ngilizce veya ba\u015fka bir dilde haz\u0131rlanabilir ve kullan\u0131m esnas\u0131nda kullan\u0131lan bir tu\u015f yard\u0131m\u0131yla t\u00fcm s\u00fcre\u00e7 i\u00e7eri\u011fi istenen dile d\u00f6n\u00fc\u015febilmektedir.<\/p>\n<p>&#8211;\u00a0\u00a0\u00a0\u00a0\u00a0\u00a0\u00a0\u00a0 QPR Process Designer kurulu\u015fta yap\u0131lacak i\u015flere ve s\u00fcre\u00e7lere g\u00f6re odaklanmay\u0131 sa\u011flayan ve i\u015fi yap\u0131l\u0131\u015f s\u0131ras\u0131, i\u015fleri kimin ve hangi b\u00f6l\u00fcm\u00fcn yapt\u0131\u011f\u0131n\u0131n belirlenmesi, kullan\u0131lacak dok\u00fcmanlar ve formlar\u0131n g\u00f6sterilece\u011fi bir yap\u0131 sa\u011flamaktad\u0131r.<\/p>\n<p>&#8211;\u00a0\u00a0\u00a0\u00a0\u00a0\u00a0\u00a0\u00a0 QPR Process Designer s\u00fcre\u00e7 sahiplerinin belirlenmesini ve kurulu\u015f i\u00e7inde duyurulmas\u0131n\u0131 sa\u011flamal\u0131d\u0131r. Bu duyuru g\u00f6rsel olarak s\u00fcre\u00e7 \u015femas\u0131n\u0131n \u00fczerinde yap\u0131lmaktad\u0131r.<\/p>\n<p>&#8211;\u00a0\u00a0\u00a0\u00a0\u00a0\u00a0\u00a0\u00a0 Y\u00f6netim sisteminde olmas\u0131 gereken t\u00fcm unsurlar, organizasyon yap\u0131s\u0131, g\u00f6rev tan\u0131mlar\u0131, yetki ve sorumluluklar, s\u00fcre\u00e7 ad\u0131mlar\u0131, ki\u015filer, s\u00fcre\u00e7ler, dahili dok\u00fcmanlar, harici dok\u00fcmanlar ve mevzuatlar\u0131 i\u00e7ine almakta, kapsamakta ve bu unsurlar\u0131 bir veri taban\u0131 i\u00e7inde saklayabilmektedir.<\/p>\n<p>&#8211;\u00a0\u00a0\u00a0\u00a0\u00a0\u00a0\u00a0\u00a0 QPR Process Designer kurulu\u015f i\u00e7indeki t\u00fcm i\u015fleri, s\u00fcre\u00e7 ve s\u00fcre\u00e7 ad\u0131mlar\u0131 kapsayacak \u015fekilde s\u00fcre\u00e7 haritalar\u0131n\u0131 olu\u015fturabilmektedir.<\/p>\n<p>&#8211;\u00a0\u00a0\u00a0\u00a0\u00a0\u00a0\u00a0\u00a0 S\u00fcre\u00e7 haritalar\u0131 yard\u0131m\u0131yla temel s\u00fcre\u00e7, destek s\u00fcre\u00e7 ve y\u00f6netim s\u00fcre\u00e7leri vb. istenen s\u00fcre\u00e7 yap\u0131lanmas\u0131 yap\u0131labilmekte, ayr\u0131ca s\u00fcre\u00e7 y\u00f6netimini ger\u00e7ekle\u015ftirebilmek i\u00e7in s\u00fcre\u00e7lerin alt\u0131nda istenildi\u011fi kadar alt s\u00fcre\u00e7 olu\u015fturabilme imk\u00e2n\u0131 bulunmaktad\u0131r.<\/p>\n<p>&#8211;\u00a0\u00a0\u00a0\u00a0\u00a0\u00a0\u00a0\u00a0 S\u00fcre\u00e7 haritalar\u0131ndan s\u00fcre\u00e7 ak\u0131m \u015femalar\u0131na bir iki t\u0131klama ile, kolayl\u0131kla ge\u00e7ilebilmektedir.<\/p>\n<p>&#8211;\u00a0\u00a0\u00a0\u00a0\u00a0\u00a0\u00a0\u00a0 S\u00fcre\u00e7ler, s\u00fcre\u00e7 ad\u0131mlar\u0131 ve ak\u0131\u015f \u015femalar\u0131 kendi i\u00e7inde otomatik dola\u015fmay\u0131 m\u00fcmk\u00fcn k\u0131lan ba\u011flant\u0131lar sa\u011flamal\u0131, s\u00fcre\u00e7ler aras\u0131nda i\u015fin ak\u0131\u015f\u0131 gere\u011fi istenildi\u011fi gibi dola\u015f\u0131labilme tan\u0131mlanabilmektedir. Bu sayede bir kurulu\u015fta bir\u00e7ok b\u00f6l\u00fcm\u00fc kapsayan b\u00fcy\u00fck bir s\u00fcre\u00e7 \u00fczerinde uygun noktalarda ba\u011flant\u0131 oklar\u0131n\u0131 t\u0131klayarak kesintisiz olarak t\u00fcm s\u00fcre\u00e7 boyunca s\u00fcreci ve ad\u0131mlar\u0131n\u0131 g\u00f6rme imk\u00e2n\u0131 bulunmaktad\u0131r.<\/p>\n<p>&#8211;\u00a0\u00a0\u00a0\u00a0\u00a0\u00a0\u00a0\u00a0 Model olu\u015fturma esnas\u0131nda QPR Process Designer sadece bir ara\u00e7 olarak g\u00f6rev yapmakta, model olu\u015fturan ba\u011f\u0131ms\u0131z olarak kurulu\u015fun yap\u0131s\u0131n\u0131 uygulamaya aktarabilmektedir.<\/p>\n<p><strong>Dok\u00fcman Entegrasyonu<\/strong><\/p>\n<p>&#8211;\u00a0\u00a0\u00a0\u00a0\u00a0\u00a0\u00a0\u00a0 QPR Process Designer farkl\u0131 format ve yap\u0131lardaki haz\u0131rlanm\u0131\u015f dok\u00fcman ve dosyalar\u0131 \u00e7ok kolay bir \u015fekilde modelin i\u00e7ine alabilmektedir. (Word, Excel, P.Point, pdf, ses ve g\u00f6r\u00fcnt\u00fc dosyalar\u0131 vb.)<\/p>\n<p>&#8211;\u00a0\u00a0\u00a0\u00a0\u00a0\u00a0\u00a0\u00a0 Bu dosyalar\u0131n listesi ve ili\u015fkileri QPR Process Designer taraf\u0131ndan tutulmaktad\u0131r.<\/p>\n<p>&#8211;\u00a0\u00a0\u00a0\u00a0\u00a0\u00a0\u00a0\u00a0 Bu dosyalar ayr\u0131ca kullan\u0131lmas\u0131 gereken s\u00fcre\u00e7 ad\u0131mlar\u0131 ile ili\u015fkilendirilebilmekte ve dok\u00fcman ad\u0131n\u0131n t\u0131klanmas\u0131yla a\u00e7\u0131larak kullan\u0131labilmelidir.<\/p>\n<p><strong>Y\u00f6netim Sistemi De\u011fi\u015fikliklerinin Kolayca Yap\u0131lmas\u0131<\/strong><\/p>\n<p>&#8211;\u00a0\u00a0\u00a0\u00a0\u00a0\u00a0\u00a0\u00a0 Y\u00f6netim sistemi unsurlar\u0131na meydana gelebilecek de\u011fi\u015fiklikler, \u00f6rne\u011fin organizasyon yap\u0131s\u0131n\u0131n de\u011fi\u015fimi, s\u00fcre\u00e7 ad\u0131mlar\u0131 vb. de\u011fi\u015fiklikler kolayl\u0131kla yap\u0131labilmektedir.<\/p>\n<p>&#8211;\u00a0\u00a0\u00a0\u00a0\u00a0\u00a0\u00a0\u00a0 De\u011fi\u015fiklikler sadece yetki verilen personel taraf\u0131ndan yap\u0131labilmekte, di\u011fer kullan\u0131c\u0131lar model \u00fczerinde teknik olarak herhangi bir de\u011fi\u015fiklik yapamamaktad\u0131r.<\/p>\n<p>&#8211;\u00a0\u00a0\u00a0\u00a0\u00a0\u00a0\u00a0\u00a0 Y\u00f6netim sisteminin s\u00fcr\u00fcm de\u011fi\u015fiklikleri izlenebilmektedir.<\/p>\n<p>&#8211;\u00a0\u00a0\u00a0\u00a0\u00a0\u00a0\u00a0\u00a0 Modelde olabilecek de\u011fi\u015fiklikler istenirse bir kay\u0131t dosyas\u0131nda saklanabilmektedir.<\/p>\n<p>&#8211;\u00a0\u00a0\u00a0\u00a0\u00a0\u00a0\u00a0\u00a0 T\u00fcm unsurlar\u0131n kendi i\u00e7inde hiyerar\u015fik yap\u0131lanmas\u0131 unsurlar aras\u0131ndaki ili\u015fkileri bozmadan de\u011fi\u015ftirilebilmektedir.<\/p>\n<p>&#8211;\u00a0\u00a0\u00a0\u00a0\u00a0\u00a0\u00a0\u00a0 Modelde yap\u0131lan bir de\u011fi\u015fiklik veri taban\u0131nda tan\u0131ml\u0131 ili\u015fkiler yard\u0131m\u0131yla ayn\u0131 anda gereken her yerde yap\u0131labilmektedir.<\/p>\n<p><strong>Y\u00f6netim Sistemlerinin Entegrasyonu<\/strong><\/p>\n<p>&#8211;\u00a0\u00a0\u00a0\u00a0\u00a0\u00a0\u00a0\u00a0 QPR Process Designer kullanarak ISO 9001, ISO 14001, OHSAS ve benzeri y\u00f6netim sistemlerinin entegrasyonu yap\u0131l\u0131r. Bu sayede dok\u00fcmanlar ortak kullan\u0131larak ve s\u00fcre\u00e7ler baz al\u0131narak t\u00fcm y\u00f6netim sistemlerinin entegrasyonu yap\u0131l\u0131r.<\/p>\n<p><strong>Y\u00f6netim Sistemi Modelinin Kurulu\u015f \u0130\u00e7inde Duyurulmas\u0131<\/strong><\/p>\n<p>&#8211;\u00a0\u00a0\u00a0\u00a0\u00a0\u00a0\u00a0\u00a0 Model, y\u00f6netici personel taraf\u0131ndan olu\u015fturulduktan sonra, intranet i\u00e7inde web yay\u0131n\u0131 olarak yay\u0131nlanmakta ve kullan\u0131c\u0131lar ki\u015fisel olarak \u015fekillendirebilecekleri portal yard\u0131m\u0131yla ula\u015fabilmektedirler.<\/p>\n<p>&#8211;\u00a0\u00a0\u00a0\u00a0\u00a0\u00a0\u00a0\u00a0 Ki\u015filer modele ula\u015f\u0131mlar\u0131 istenildi\u011fi \u015fekilde ayarlanabilmekte, kendilerine verilen yetkileri oran\u0131nda ula\u015fabilmektedirler.<\/p>\n<p>&#8211;\u00a0\u00a0\u00a0\u00a0\u00a0\u00a0\u00a0\u00a0 Yap\u0131lan de\u011fi\u015fiklikler an\u0131nda t\u00fcm kullan\u0131c\u0131lara ula\u015fabilmektedir.<\/p>\n<p><strong>G\u00fcvenlik<\/strong><\/p>\n<p>&#8211;\u00a0\u00a0\u00a0\u00a0\u00a0\u00a0\u00a0\u00a0 Kullan\u0131c\u0131lar i\u00e7in kullan\u0131c\u0131 haklar\u0131 ki\u015fi ve grup baz\u0131nda yap\u0131labilmektedir.<\/p>\n<p>&#8211;\u00a0\u00a0\u00a0\u00a0\u00a0\u00a0\u00a0\u00a0 Modele, kullan\u0131c\u0131lara ve portala eri\u015fim \u015fifreler yard\u0131m\u0131yla olmaktad\u0131r.<\/p>\n<p>&#8211;\u00a0\u00a0\u00a0\u00a0\u00a0\u00a0\u00a0\u00a0 Kullan\u0131c\u0131lar\u0131n modele eri\u015fimleri s\u0131n\u0131rland\u0131r\u0131labilmekte, kimin nereleri g\u00f6rme yetkisinin oldu\u011fu tan\u0131mlanabilmektedir.<\/p>\n<p><strong>G\u00f6rsel Tasar\u0131m<\/strong><\/p>\n<p>&#8211;\u00a0\u00a0\u00a0\u00a0\u00a0\u00a0\u00a0\u00a0 QPR Process Designer g\u00f6rsel tasar\u0131ma izin verecek yap\u0131da, kuvvetli grafik alt yap\u0131 \u00fczerine kurulmu\u015ftur. Grafik unsurlara eklenecek veri ve bilgiler veri taban\u0131nda saklanabilmektedir.<\/p>\n<p>&#8211;\u00a0\u00a0\u00a0\u00a0\u00a0\u00a0\u00a0\u00a0 S\u00fcre\u00e7 ak\u0131\u015f \u015femalar\u0131nda \u015fekiller, isimler, model adlar\u0131, a\u00e7\u0131klamalar ve ilgili t\u00fcm unsurlar i\u00e7in arka plan renkleri, yaz\u0131lar\u0131n renk ve b\u00fcy\u00fckl\u00fckleri kolayl\u0131kla de\u011fi\u015ftirilebilmektedir.<\/p>\n<p><strong>Model Payla\u015f\u0131m\u0131<\/strong><\/p>\n<p>&#8211;\u00a0\u00a0\u00a0\u00a0\u00a0\u00a0\u00a0\u00a0 Kullan\u0131c\u0131lar portal yard\u0131m\u0131yla s\u00fcre\u00e7, s\u00fcre\u00e7 ad\u0131m\u0131 ve modelle ilgili olarak birbiriyle g\u00f6r\u00fc\u015f al\u0131\u015fveri\u015fi, dok\u00fcman payla\u015fma ve aksiyon plan\u0131 yard\u0131m\u0131yla ileti\u015fim kurabilmektedirler.<\/p>\n<p>&#8211;\u00a0\u00a0\u00a0\u00a0\u00a0\u00a0\u00a0\u00a0 Bu bilgi payla\u015f\u0131m\u0131 ayn\u0131 zamanda e-mail ile de yap\u0131labilmektedir. .<\/p>\n<p>&#8211;\u00a0\u00a0\u00a0\u00a0\u00a0\u00a0\u00a0\u00a0 Yap\u0131lan ileti\u015fim ile ilgili bilgilere ula\u015f\u0131labilmektedir.<\/p>\n<p>&#8211;\u00a0\u00a0\u00a0\u00a0\u00a0\u00a0\u00a0\u00a0 Modeli olu\u015fturan unsurlar i\u00e7inde istenen bilginin bulunabilmesi i\u00e7in QPR Process Designer arama motoru i\u00e7ermektedir.<\/p>\n<p><strong>S\u00fcre\u00e7 Performans\u0131n\u0131n \u00d6l\u00e7\u00fcm\u00fc<\/strong><\/p>\n<p>&#8211;\u00a0\u00a0\u00a0\u00a0\u00a0\u00a0\u00a0\u00a0 QPR Process Designer, s\u00fcre\u00e7 performans parametreleri ve \u00f6l\u00e7me dilimlerinin kombinasyonu \u015feklinde s\u00fcre\u00e7 \u00f6l\u00e7me alt yap\u0131s\u0131na sahiptir..<\/p>\n<p>&#8211;\u00a0\u00a0\u00a0\u00a0\u00a0\u00a0\u00a0\u00a0 QPR Process Designer do\u011frudan QPR ScoreCard ile entegre olarak s\u00fcre\u00e7 performanslar\u0131n\u0131n dinamik olarak \u00f6l\u00e7\u00fcm\u00fc, hedeflerle k\u0131yaslanmas\u0131 ve strateji ile ili\u015fkisinin kurulmas\u0131 olana\u011f\u0131na sahiptir.<\/p>\n<p><strong>Teknik \u00d6zellikler<\/strong><\/p>\n<p>&#8211;\u00a0\u00a0\u00a0\u00a0\u00a0\u00a0\u00a0\u00a0 QPR Process Designer Web esasl\u0131d\u0131r.<\/p>\n<p>&#8211;\u00a0\u00a0\u00a0\u00a0\u00a0\u00a0\u00a0\u00a0 Bilinen veri tabanlar\u0131 ile \u00e7al\u0131\u015fabilmektedir. (SQL, Oracle, DB2 vb.)<\/p>\n<p>&#8211;\u00a0\u00a0\u00a0\u00a0\u00a0\u00a0\u00a0\u00a0 \u0130stendi\u011finde S\u00fcre\u00e7 ak\u0131\u015f \u015femalar\u0131n\u0131n b\u00fcy\u00fck boy yaz\u0131c\u0131 \u00e7\u0131kt\u0131lar\u0131 al\u0131nabilmektedir.<\/p>\n<p>&#8211;\u00a0\u00a0\u00a0\u00a0\u00a0\u00a0\u00a0\u00a0 QPR Process Designer kurulumu, e\u011fitimi ve kullan\u0131m\u0131 kolayd\u0131r.<\/p>\n<p>&#8211;\u00a0\u00a0\u00a0\u00a0\u00a0\u00a0\u00a0\u00a0 QPR Process Designer T\u00fcrk\u00e7e dilini desteklemektedir.<\/p>\n<p style=\"margin-bottom: .0001pt;\"><span style=\"font-size: 10.0pt; font-family: 'Georgia','serif'; color: #333333;\"><a href=\"http:\/\/surec.com\/?page_id=4017\" target=\"_blank\">QPR Process Designer Nedir?<\/a><\/span><\/p>\n<p style=\"margin: 0cm; margin-bottom: .0001pt;\"><span style=\"font-size: 10.0pt; font-family: 'Georgia','serif'; color: #333333;\"><a href=\"http:\/\/surec.com\/?page_id=4025\" target=\"_blank\">QPR Process Designer Nas\u0131l \u00c7al\u0131\u015f\u0131r?\u00a0<\/a><\/span><\/p>\n<p style=\"margin: 0cm; margin-bottom: .0001pt; orphans: auto; text-align: start; widows: auto; -webkit-text-stroke-width: 0px; word-spacing: 0px;\"><span style=\"font-size: 10.0pt; font-family: 'Georgia','serif'; color: #333333;\"><a href=\"http:\/\/surec.com\/?page_id=4108\" target=\"_blank\">QPR ProcessDesigner Yararlar\u0131 Nelerdir?\u00a0<\/a><\/span><\/p>\n<p style=\"margin: 0cm; margin-bottom: .0001pt; orphans: auto; text-align: start; widows: auto; -webkit-text-stroke-width: 0px; word-spacing: 0px;\">\n","protected":false},"excerpt":{"rendered":"<p>QPR Process Designer&#8217;\u0131n \u00d6zellikleri \u00a0\u00a0\u00a0\u00a0\u00a0\u00a0\u00a0\u00a0 Y\u00f6netim Sistemi Modeli Olu\u015fturma &#8211;\u00a0\u00a0\u00a0\u00a0\u00a0\u00a0\u00a0\u00a0 QPR Process Designer kurulu\u015f i\u00e7indeki t\u00fcm unsurlar\u0131 i\u00e7erecek \u015fekilde Y\u00f6netim Sistemi olu\u015fturabilmektedir. &#8211;\u00a0\u00a0\u00a0\u00a0\u00a0\u00a0\u00a0\u00a0 QPR Process Designer ile s\u00fcre\u00e7ler \u00e7oklu dil se\u00e7ene\u011fi ile haz\u0131rlanabilmektedir. \u00d6rne\u011fin kurulu\u015fun t\u00fcm s\u00fcreci hem T\u00fcrk\u00e7e, hem [&hellip;]<\/p>\n","protected":false},"author":1,"featured_media":0,"parent":0,"menu_order":0,"comment_status":"closed","ping_status":"closed","template":"","meta":{"footnotes":""},"class_list":["post-4039","page","type-page","status-publish","hentry"],"jetpack_sharing_enabled":true,"jetpack_shortlink":"https:\/\/wp.me\/P4Bhh4-139","jetpack-related-posts":[],"_links":{"self":[{"href":"https:\/\/surec.com\/index.php?rest_route=\/wp\/v2\/pages\/4039","targetHints":{"allow":["GET"]}}],"collection":[{"href":"https:\/\/surec.com\/index.php?rest_route=\/wp\/v2\/pages"}],"about":[{"href":"https:\/\/surec.com\/index.php?rest_route=\/wp\/v2\/types\/page"}],"author":[{"embeddable":true,"href":"https:\/\/surec.com\/index.php?rest_route=\/wp\/v2\/users\/1"}],"replies":[{"embeddable":true,"href":"https:\/\/surec.com\/index.php?rest_route=%2Fwp%2Fv2%2Fcomments&post=4039"}],"version-history":[{"count":7,"href":"https:\/\/surec.com\/index.php?rest_route=\/wp\/v2\/pages\/4039\/revisions"}],"predecessor-version":[{"id":4166,"href":"https:\/\/surec.com\/index.php?rest_route=\/wp\/v2\/pages\/4039\/revisions\/4166"}],"wp:attachment":[{"href":"https:\/\/surec.com\/index.php?rest_route=%2Fwp%2Fv2%2Fmedia&parent=4039"}],"curies":[{"name":"wp","href":"https:\/\/api.w.org\/{rel}","templated":true}]}}