{"id":2946,"date":"2014-07-20T00:51:42","date_gmt":"2014-07-19T21:51:42","guid":{"rendered":"http:\/\/surec.com\/?page_id=2946"},"modified":"2014-08-14T17:09:13","modified_gmt":"2014-08-14T14:09:13","slug":"2-is-surecleri-ve-sistem-yonetimi","status":"publish","type":"page","link":"https:\/\/surec.com\/?page_id=2946","title":{"rendered":"Verimli Bir Kurumsal Yap\u0131n\u0131n Olu\u015fturulmas\u0131 ve S\u00fcrd\u00fcr\u00fclmesi"},"content":{"rendered":"<p><strong>Etkili ve Verimli bir kurumsal Yap\u0131n\u0131n Olu\u015fturulmas\u0131 ve S\u00fcrd\u00fcr\u00fclmesi<\/strong><\/p>\n<p>Verimli ve etkili bir y\u00f6netim yap\u0131s\u0131na sahip olarak rekabette \u00f6nde olmak ve \u015firket varl\u0131\u011f\u0131n\u0131 daha iyi noktalara <a href=\"http:\/\/surec.com\/wp-content\/uploads\/2014\/08\/multiple_signs_questions_800_clr_13402.png\"><img loading=\"lazy\" decoding=\"async\" class=\"size-medium wp-image-3141 alignright\" src=\"http:\/\/surec.com\/wp-content\/uploads\/2014\/08\/multiple_signs_questions_800_clr_13402-300x215.png\" alt=\"multiple_signs_questions_800_clr_13402\" width=\"300\" height=\"215\" srcset=\"https:\/\/surec.com\/wp-content\/uploads\/2014\/08\/multiple_signs_questions_800_clr_13402-300x215.png 300w, https:\/\/surec.com\/wp-content\/uploads\/2014\/08\/multiple_signs_questions_800_clr_13402.png 800w\" sizes=\"auto, (max-width: 300px) 100vw, 300px\" \/><\/a>ta\u015f\u0131yarak s\u00fcrd\u00fcrmek vizyonuna sahip olan kurulu\u015flar belli konulara odaklanmak ve bu alanlara emek vermek durumundalar.<\/p>\n<p>Varl\u0131\u011f\u0131n\u0131 s\u00fcrd\u00fcrmek, karl\u0131 ve verimli olmak, de\u011fi\u015fin ko\u015fulara ayak uydurabilmek i\u00e7in:<\/p>\n<p><strong>Nereye Gidece\u011fiz ?<\/strong><\/p>\n<p>Kurulu\u015f nereye gidece\u011fini bilmek, ama\u00e7 ve hedeflerini tan\u0131mlamak, bunlar\u0131 \u00f6l\u00e7mek ve y\u00f6netmek durumundad\u0131r. Hedef ve alt hedeflerini ilgili t\u00fcm \u00e7al\u0131\u015fanlar\u0131yla da payla\u015fabilme kabiliyetine sahip olmal\u0131d\u0131r. Bir ba\u015fka deyi\u015fle nereye gidilece\u011fi konusunda \u00e7al\u0131\u015fanlar\u0131n net bir bilgisi olmal\u0131, \u00e7al\u0131\u015fanlar kendilerinden ne beklendi\u011fini somut olarak anlam\u0131\u015f olmal\u0131d\u0131rlar. Hedefleri ger\u00e7ekle\u015ftirmeye \u00e7al\u0131\u015f\u0131rken, hedef belirleme, payla\u015fma ve uyar\u0131 mekanizmalar\u0131n\u0131 da \u00e7al\u0131\u015ft\u0131r\u0131labilen teknolojiye sahip sistemi hedefe ula\u015fmada veya sorunlar\u0131n erken belirlenmesinde b\u00fcy\u00fck yararlar sa\u011flayabilecektir. Gidilecek yer ve hedeflerde revizyonlar\u0131n yap\u0131lmas\u0131 da gerekli olabilir.<\/p>\n<p><strong>Nas\u0131l Gidece\u011fiz ?<\/strong><\/p>\n<p>Ula\u015fmak istedi\u011fimiz yer a\u00e7\u0131k ve net olarak tan\u0131mlad\u0131ktan sonra oraya nas\u0131l gidece\u011fimiz de \u00f6nemli bir konudur. Nas\u0131l gidilece\u011fi tam anlam\u0131yla kurulu\u015fun nas\u0131l \u00e7al\u0131\u015fmas\u0131 gerekti\u011fi ile ilgili bir konudur. \u0130\u015f yapma bi\u00e7imimiz i\u015fi yapanlar\u0131n kafas\u0131ndan \u00e7\u0131kar\u0131lmal\u0131 uygun bir y\u00f6ntemle net olarak tan\u0131mlanmal\u0131, herkes taraf\u0131ndan ula\u015f\u0131labilecek bir ortamda tutulmal\u0131, kolayl\u0131kla anla\u015f\u0131lmal\u0131, ihtiya\u00e7 duyduk\u00e7a g\u00fcncellenebilecek bir yap\u0131 ve formatta olmal\u0131d\u0131r, yap\u0131lan i\u015f \u00f6l\u00e7\u00fclebilmelidir. Bu sayede gitmek isteti\u011fimiz yere ula\u015fmak konusunda i\u015flerin ne derecede ba\u015far\u0131l\u0131 olarak yap\u0131ld\u0131\u011f\u0131n\u0131 belirleyebiliriz. Nas\u0131l gidece\u011fiz sorusu i\u015flerin nas\u0131l yap\u0131laca\u011f\u0131 bir ba\u015fka deyi\u015fle s\u00fcre\u00e7lerin nas\u0131l y\u00f6netilece\u011fi sorusudur.\u00a0 Kurulu\u015flar\u0131n ba\u015far\u0131s\u0131 da i\u015fleri ne kadar h\u0131zl\u0131, do\u011fru, hatas\u0131z ve verimli olarak ger\u00e7ekle\u015ftirdiklerinin bir sonucudur. \u00c7ok \u00f6zel ve ge\u00e7ici durumlar\u0131n d\u0131\u015f\u0131nda s\u00fcre\u00e7leri iyi y\u00f6netmeden ba\u015far\u0131l\u0131 olmak m\u00fcmk\u00fcn de\u011fildir.<\/p>\n<p><strong>Kimlerle gidece\u011fiz?<\/strong><\/p>\n<p>Kurulu\u015fun hedeflerine istedi\u011fi bi\u00e7imlerde ula\u015fmas\u0131 i\u00e7in \u00fczerinde d\u00fc\u015f\u00fcn\u00fclmesi ve \u00e7aba harcanmas\u0131 gereken temel konulardan biridir. Hedefleri anlayan, kurulu\u015fun hedefleri yan\u0131nda kendisisin hedeflerinin bilincinde olan ve bu hedefleri ger\u00e7ekle\u015ftirmek i\u00e7in s\u00fcre\u00e7lerin fark\u0131nda olan \u00e7al\u0131\u015fanlara ihtiya\u00e7 vard\u0131r. Hedefleri ger\u00e7ekle\u015ftirmek i\u00e7in \u00e7al\u0131\u015fanlar\u0131n a\u015fa\u011f\u0131daki \u00f6zellikleri ta\u015f\u0131malar\u0131 yararl\u0131d\u0131r:<\/p>\n<p>&#8211; Hevesli ve istekli olmalar\u0131<br \/>\n&#8211; Yeterliliklere sahip olmalar\u0131<br \/>\n&#8211; S\u00fcrekli \u00f6\u011frenebilmeleri<br \/>\n&#8211; S\u00fcre\u00e7 ve performansla ilgili \u00f6neri \u00fcretebilmeleri,<br \/>\n&#8211; S\u00fcre\u00e7 ve performans sistemi hakk\u0131nda iyi bir e\u011fitimden ge\u00e7irilmi\u015f olmalar\u0131<\/p>\n<p>\u00d6te yandan t\u00fcm bu \u00f6zellikler i\u00e7in, istek ve motivasyon i\u00e7in sistem i\u00e7inde iyi bir liderlik olmal\u0131, lider t\u00fcm \u00e7al\u0131\u015fanlara hedefleri g\u00f6sterip, .buna ula\u015fmak i\u00e7in gerekli heyecan ve \u00e7o\u015fkuyu sa\u011flamal\u0131d\u0131r. \u00c7al\u0131\u015fanlar\u0131n nereye gidecekleri ve nas\u0131l gidecekleri hakk\u0131nda bilgi sahibi olmalar\u0131, gidilecek yere ili\u015fkin fikir ve \u00f6neri \u00fcretebilmeleri, bir ba\u015fka deyi\u015fle kurumsal performans ve s\u00fcre\u00e7 y\u00f6netimi ile ilgili kurulu\u015fun durumun hakk\u0131nda bilgiye ula\u015fabilmeleri, yap\u0131lacak geri d\u00f6n\u00fc\u015f ve katk\u0131larla \u00f6nemli \u00f6l\u00e7\u00fcde sinerji olu\u015fturabilir.<\/p>\n","protected":false},"excerpt":{"rendered":"<p>Etkili ve Verimli bir kurumsal Yap\u0131n\u0131n Olu\u015fturulmas\u0131 ve S\u00fcrd\u00fcr\u00fclmesi Verimli ve etkili bir y\u00f6netim yap\u0131s\u0131na sahip olarak rekabette \u00f6nde olmak ve \u015firket varl\u0131\u011f\u0131n\u0131 daha iyi noktalara ta\u015f\u0131yarak s\u00fcrd\u00fcrmek vizyonuna sahip olan kurulu\u015flar belli konulara odaklanmak ve bu alanlara emek vermek [&hellip;]<\/p>\n","protected":false},"author":1,"featured_media":0,"parent":0,"menu_order":0,"comment_status":"closed","ping_status":"closed","template":"","meta":{"jetpack_post_was_ever_published":false,"footnotes":""},"class_list":["post-2946","page","type-page","status-publish","hentry"],"jetpack_sharing_enabled":true,"jetpack_shortlink":"https:\/\/wp.me\/P4Bhh4-Lw","jetpack-related-posts":[],"_links":{"self":[{"href":"https:\/\/surec.com\/index.php?rest_route=\/wp\/v2\/pages\/2946","targetHints":{"allow":["GET"]}}],"collection":[{"href":"https:\/\/surec.com\/index.php?rest_route=\/wp\/v2\/pages"}],"about":[{"href":"https:\/\/surec.com\/index.php?rest_route=\/wp\/v2\/types\/page"}],"author":[{"embeddable":true,"href":"https:\/\/surec.com\/index.php?rest_route=\/wp\/v2\/users\/1"}],"replies":[{"embeddable":true,"href":"https:\/\/surec.com\/index.php?rest_route=%2Fwp%2Fv2%2Fcomments&post=2946"}],"version-history":[{"count":9,"href":"https:\/\/surec.com\/index.php?rest_route=\/wp\/v2\/pages\/2946\/revisions"}],"predecessor-version":[{"id":3199,"href":"https:\/\/surec.com\/index.php?rest_route=\/wp\/v2\/pages\/2946\/revisions\/3199"}],"wp:attachment":[{"href":"https:\/\/surec.com\/index.php?rest_route=%2Fwp%2Fv2%2Fmedia&parent=2946"}],"curies":[{"name":"wp","href":"https:\/\/api.w.org\/{rel}","templated":true}]}}