{"id":2912,"date":"2014-07-15T13:50:12","date_gmt":"2014-07-15T10:50:12","guid":{"rendered":"http:\/\/surec.com\/?page_id=2912"},"modified":"2014-08-15T14:19:44","modified_gmt":"2014-08-15T11:19:44","slug":"kurumsal-degerlerimiz","status":"publish","type":"page","link":"https:\/\/surec.com\/?page_id=2912","title":{"rendered":"Kurumsal De\u011ferlerimiz"},"content":{"rendered":"<p><b>Kurumsal De\u011ferlerimiz<\/b><\/p>\n<div style=\"color: #000000;\"><\/div>\n<div style=\"color: #000000;\"><span style=\"font-size: small;\">G\u00fcven<\/span><\/div>\n<div style=\"color: #000000;\"><span style=\"font-size: small;\">G\u00fcven i\u015fbirli\u011finin temelidir. Kendi i\u00e7imizde ve m\u00fc\u015fterilerimizle ili\u015fkilerimizde kar\u015f\u0131l\u0131kl\u0131 g\u00fcven ortam\u0131n\u0131n olu\u015fmas\u0131 ve<a href=\"http:\/\/surec.com\/wp-content\/uploads\/2014\/07\/colored_puzzle_connection_1600_clr_9893.png\"><img loading=\"lazy\" decoding=\"async\" class=\"wp-image-3240 size-medium alignright\" src=\"http:\/\/surec.com\/wp-content\/uploads\/2014\/07\/colored_puzzle_connection_1600_clr_9893-300x262.png\" alt=\"\" width=\"300\" height=\"262\" \/><\/a> s\u00fcrd\u00fcr\u00fclmesi bizim i\u00e7in \u00e7ok \u00f6nemlidir.<\/span><\/div>\n<div style=\"color: #000000;\"><span style=\"font-size: small;\">\u00a0\u00a0\u00a0\u00a0\u00a0\u00a0\u00a0\u00a0\u00a0\u00a0<\/span><\/div>\n<div style=\"color: #000000;\"><span style=\"font-size: small;\">G\u00fcvenilirlik<\/span><\/div>\n<div style=\"color: #000000;\"><span style=\"font-size: small;\">S\u00f6yledi\u011fimiz \u015feyleri ger\u00e7ekle\u015ftirmek konusunda g\u00fcvenilir olmak ve verdi\u011fimiz s\u00f6z\u00fc yerine getirmek<\/span><\/div>\n<div style=\"color: #000000;\"><span style=\"font-size: small;\">\u00a0\u00a0\u00a0\u00a0\u00a0\u00a0\u00a0\u00a0\u00a0\u00a0<\/span><\/div>\n<div style=\"color: #000000;\"><span style=\"font-size: small;\">D\u00fcr\u00fcstl\u00fck<\/span><\/div>\n<div style=\"color: #000000;\"><span style=\"font-size: small;\">D\u00fc\u015f\u00fcnd\u00fc\u011f\u00fcm\u00fcz, s\u00f6yledi\u011fimiz ve yapt\u0131klar\u0131m\u0131z\u0131n uyumlu olmas\u0131.<\/span><\/div>\n<div style=\"color: #000000;\"><span style=\"font-size: small;\">\u00a0\u00a0\u00a0\u00a0\u00a0\u00a0\u00a0\u00a0\u00a0\u00a0<\/span><\/div>\n<div style=\"color: #000000;\"><span style=\"font-size: small;\">Sorumluluk<\/span><\/div>\n<div style=\"color: #000000;\"><span style=\"font-size: small;\">\u0130\u015fleri ve g\u00f6revleri sahiplenmek, bunlarla ilgili sorumluluklar\u0131 almak ve gerekti\u011fi gibi yerine getirmek.<\/span><\/div>\n<div style=\"color: #000000;\"><span style=\"font-size: small;\">\u00a0\u00a0\u00a0\u00a0\u00a0\u00a0\u00a0\u00a0\u00a0\u00a0<\/span><\/div>\n<div style=\"color: #000000;\"><span style=\"font-size: small;\">\u0130\u015f birli\u011fi<\/span><\/div>\n<div style=\"color: #000000;\"><span style=\"font-size: small;\">Yap\u0131c\u0131, olumlu ve yenilik\u00e7i bir anlay\u0131\u015fla s\u00fcrekli bir i\u015fbirli\u011fi i\u00e7inde olmak.<\/span><\/div>\n<div style=\"color: #000000;\"><span style=\"font-size: small;\">\u00a0\u00a0\u00a0\u00a0\u00a0\u00a0\u00a0\u00a0\u00a0\u00a0<\/span><\/div>\n<div style=\"color: #000000;\"><span style=\"font-size: small;\">\u00c7\u00f6z\u00fcm<\/span><\/div>\n<div style=\"color: #000000;\"><span style=\"font-size: small;\">T\u00fcm konularda \u00e7\u00f6z\u00fcm odakl\u0131 davranmak<\/span><\/div>\n<div style=\"color: #000000;\"><span style=\"font-size: small;\">\u00a0\u00a0\u00a0\u00a0\u00a0\u00a0\u00a0\u00a0 .<\/span><\/div>\n<div style=\"color: #000000;\"><span style=\"font-size: small;\">Pozitif Katk\u0131<\/span><\/div>\n<div style=\"color: #000000;\"><span style=\"font-size: small;\">Kurulu\u015f ve Bireylere ileriyi g\u00f6rmede yard\u0131mc\u0131 olmak.<\/span><\/div>\n<div style=\"color: #000000;\"><span style=\"font-size: small;\">\u00a0\u00a0\u00a0\u00a0\u00a0\u00a0\u00a0\u00a0\u00a0\u00a0<\/span><\/div>\n<div style=\"color: #000000;\"><span style=\"font-size: small;\">Gizlilik<\/span><\/div>\n<div style=\"color: #000000;\"><span style=\"font-size: small;\">\u0130\u015f ve proje nedeniyle payla\u015f\u0131lan bilgilerin kesin gizlili\u011fi.<\/span><\/div>\n<div style=\"color: #000000;\"><span style=\"font-size: small;\">\u00a0\u00a0\u00a0\u00a0\u00a0\u00a0\u00a0\u00a0\u00a0\u00a0<\/span><\/div>\n<div style=\"color: #000000;\"><span style=\"font-size: small;\">Tarafs\u0131zl\u0131k ve Ba\u011f\u0131ms\u0131zl\u0131k<\/span><\/div>\n<div style=\"color: #000000;\"><span style=\"font-size: small;\">D\u00fc\u015f\u00fcnce ve fikirlerin objektif bi\u00e7imde ele al\u0131nmas\u0131 ve \u00f6zg\u00fcrce ifade edilmesi.\u00a0<\/span><span style=\"font-size: small;\"><br \/>\n<\/span><\/div>\n<div style=\"color: #000000;\"><span style=\"font-size: small;\">\u00a0<\/span><\/div>\n","protected":false},"excerpt":{"rendered":"<p>Kurumsal De\u011ferlerimiz G\u00fcven G\u00fcven i\u015fbirli\u011finin temelidir. Kendi i\u00e7imizde ve m\u00fc\u015fterilerimizle ili\u015fkilerimizde kar\u015f\u0131l\u0131kl\u0131 g\u00fcven ortam\u0131n\u0131n olu\u015fmas\u0131 ve s\u00fcrd\u00fcr\u00fclmesi bizim i\u00e7in \u00e7ok \u00f6nemlidir. \u00a0\u00a0\u00a0\u00a0\u00a0\u00a0\u00a0\u00a0\u00a0\u00a0 G\u00fcvenilirlik S\u00f6yledi\u011fimiz \u015feyleri ger\u00e7ekle\u015ftirmek konusunda g\u00fcvenilir olmak ve verdi\u011fimiz s\u00f6z\u00fc yerine getirmek \u00a0\u00a0\u00a0\u00a0\u00a0\u00a0\u00a0\u00a0\u00a0\u00a0 D\u00fcr\u00fcstl\u00fck D\u00fc\u015f\u00fcnd\u00fc\u011f\u00fcm\u00fcz, s\u00f6yledi\u011fimiz ve yapt\u0131klar\u0131m\u0131z\u0131n [&hellip;]<\/p>\n","protected":false},"author":1,"featured_media":0,"parent":0,"menu_order":0,"comment_status":"closed","ping_status":"closed","template":"","meta":{"footnotes":""},"class_list":["post-2912","page","type-page","status-publish","hentry"],"jetpack_sharing_enabled":true,"jetpack_shortlink":"https:\/\/wp.me\/P4Bhh4-KY","jetpack-related-posts":[],"_links":{"self":[{"href":"https:\/\/surec.com\/index.php?rest_route=\/wp\/v2\/pages\/2912","targetHints":{"allow":["GET"]}}],"collection":[{"href":"https:\/\/surec.com\/index.php?rest_route=\/wp\/v2\/pages"}],"about":[{"href":"https:\/\/surec.com\/index.php?rest_route=\/wp\/v2\/types\/page"}],"author":[{"embeddable":true,"href":"https:\/\/surec.com\/index.php?rest_route=\/wp\/v2\/users\/1"}],"replies":[{"embeddable":true,"href":"https:\/\/surec.com\/index.php?rest_route=%2Fwp%2Fv2%2Fcomments&post=2912"}],"version-history":[{"count":3,"href":"https:\/\/surec.com\/index.php?rest_route=\/wp\/v2\/pages\/2912\/revisions"}],"predecessor-version":[{"id":3241,"href":"https:\/\/surec.com\/index.php?rest_route=\/wp\/v2\/pages\/2912\/revisions\/3241"}],"wp:attachment":[{"href":"https:\/\/surec.com\/index.php?rest_route=%2Fwp%2Fv2%2Fmedia&parent=2912"}],"curies":[{"name":"wp","href":"https:\/\/api.w.org\/{rel}","templated":true}]}}